 + 2. Give h(w).
10
Suppose -f - x = 1 + 5, f + 2*x + 7 = 0. Let r(d) = d**3 + 6*d**2 + 6*d + 11. What is r(f)?
6
Let m be (3/(-9))/(1/9). Let u be 6 + m + 0/2. Suppose 0 = -u*v + 7*v. Let a(n) = -n - 11. Calculate a(v).
-11
Let y(f) = -f. Let d(v) = -v + 1. Let t(n) = 2*d(n) + y(n). Let k(p) = 10 - p**3 - 17 + 6 + 4*p + 2*p**2. Let i be k(3). Determine t(i).
-4
Suppose 5*u = 2*u + 9. Suppose 4*r + u*w - 17 = 0, -w = -3*r + 20 + 9. Let c be (-2 - -1) + (7 - r). Let l(a) = a**3 - a**2 - 2*a - 2. What is l(c)?
-10
Let a(y) = 402*y**3 - 401*y**3 - y**2 + 7*y - 6*y**2. Determine a(5).
-15
Let q be 3/2*48/(-6). Let r = -34 + 24. Let a be (q/r)/((-1)/5). Let z(x) = -x**2 - 3*x + 7. Calculate z(a).
-11
Let f(a) = 86321*a - 86326*a - a**2 + 3 + 0*a**2. Determine f(0).
3
Let h(m) = -2*m**2 - 46*m - 193. Let w be h(-5). Let f(i) = i**2 + 12*i - 3. Calculate f(w).
10
Let o(h) = h**2 + 11*h - 8. Let s be 3/(48/(-188)) + (-1)/4. Calculate o(s).
4
Let s = 58 - 52. Let l(b) be the third derivative of b**5/60 - b**4/3 + b**3 - 8*b**2. Calculate l(s).
-6
Let z(h) be the first derivative of 3 - 1/3*h**3 + 7/2*h**2 - 8*h. Let f = 188 + -182. Give z(f).
-2
Let p(u) be the second derivative of u**5/20 + 7*u**4/12 + u**3/6 + 5*u**2/2 + 37*u. Suppose -125 = 4*c - 41. Let b be c*4/36*3. Determine p(b).
-2
Let j(f) = 6*f**2 + f + 151 + 148 - 300. Suppose -4*m = -9*m + 5. Determine j(m).
6
Let o(w) = w**3 - w**2 + 2*w. Let y be o(3). Suppose 0 = 4*j - y - 0. Let n be (-6)/1*(-2)/j. Let x(m) = m - 1. What is x(n)?
1
Let y(c) = -3*c**2 - 3*c - 12. Let i(j) = -2*j**2 - 2*j - 8. Let h(a) = 7*i(a) - 5*y(a). Suppose -2*o + 4*x = 0, -7*o - x = -9*o - 2*x. Give h(o).
4
Let j(t) = -2*t**2 + 2. Let s be -2*((-48)/6)/(-8). Determine j(s).
-6
Let c(x) = -x**2 - 4*x + 14. Let v = -57 + 50. Determine c(v).
-7
Let z(o) = -o**2 + 5*o + 7 - 9*o - 5*o + 6 - o. Give z(-13).
-26
Let i(w) be the first derivative of w**4/4 - 7*w**3/3 + 10*w - 292. Determine i(7).
10
Let o(v) = -v**2 - 7*v - 2. Let r be (14/(-28))/(2/(-24)). Let z(t) = r*t**2 + 10*t + 3 + t - 5*t**2 - 3*t. Let i(q) = -5*o(q) - 4*z(q). Calculate i(2).
8
Let q(i) = i**2 + 2*i - 7. Suppose -4*r = -k - 66, 0 - 11 = -r + 3*k. Suppose -r*j = -12*j + 25. What is q(j)?
8
Let x(b) = 15*b**2 + 44*b + 9 - 46*b - 15*b**2 - b**3. What is x(0)?
9
Suppose -85 = -5*b - 12*b. Let d(a) = 3*a**3 - 5*a**2 - 4 + a**2 - 2*a**3 + 2 - 6*a. What is d(b)?
-7
Let c(m) = -m**2 - 7*m - 10. Let t be c(-4). Let a(g) = 14*g**3 - 11*g**3 - 3*g**2 + 4*g**t. Determine a(1).
4
Let l(c) be the third derivative of 1/12*c**4 + c**3 + 3*c**2 + 0*c + 0. Let n = -11 - -7. Give l(n).
-2
Let p(g) = -g**2 + 2*g - 1. Suppose 0 = 5*j - 16 - 9. Let c(l) = -l + 4. Let k be c(j). Let i be (k + 0 - 0)*-1. Determine p(i).
0
Let j(s) = 9*s**3 - s**2 + 1. Suppose 0 = -4*p + 16. Suppose 0 = p*i - 2*i - 2. What is j(i)?
9
Let z(j) = 4*j**2 - 1. Let f be z(1). Let x(o) = -o**3 + o - 3 + 10*o**2 + 0*o**3 - 8*o**2 + o. Determine x(f).
-6
Let w(a) = -8*a**2 - 11*a + 6. Let t(r) = -r**2 - r. Let q(z) = -2*z**2 - 5*z + 5. Let i(s) = -q(s) - 5*t(s). Let p(h) = -7*i(h) - 6*w(h). What is p(-3)?
2
Let s(u) = 20*u**3 - u**3 - 2*u**2 - u**3 - 1 + 2*u. Suppose 2*g - 4*p + 6 = 0, 0 = 2*g + 2*g + 3*p - 10. Give s(g).
17
Let j(t) = t**3 - 4*t**2 - 6*t + 4. Suppose 0 = 5*n + l - 30 + 1, -2*n - 4*l + 26 = 0. Let s be j(n). Let i(a) = 9*a**2 - 1. Give i(s).
8
Suppose -18 + 0 = 3*x. Let i(p) = -p + 1393927 - 1393927. Give i(x).
6
Let c(t) = -t**3 + 9*t**2 - 6*t - 11. Let y(x) = -x**3 - 9*x**2 - 15*x + 1. Let n be y(-7). Give c(n).
5
Let n(b) = -b**3 - 2 + 3 + 5*b + 6*b + 2 + 2*b**2 - 13*b. Calculate n(0).
3
Let l be ((-507)/(-676))/(41/(-44) - -1). Let t(n) = -n + 15. Determine t(l).
4
Let c(p) be the third derivative of p**6/120 - 2*p**5/15 + p**4/3 + p**3/2 - 3*p**2 - 395. Suppose y - 1 - 6 = 0. Give c(y).
10
Let r(c) = -c + 0 - 6 + 11 + 0. Determine r(-3).
8
Let q(u) = u**2 - 9*u + 8. Suppose -2*j = -4*z + 25 - 1, 0 = z + 2*j - 6. Give q(z).
-10
Suppose 58*s + 78 = 64*s. Let v(j) = j - 18. Calculate v(s).
-5
Let d(t) = 2*t**2 - 7*t + 4. Let w be (2 - -1) + 14 + -4. Suppose -8*o + w*o = 20. What is d(o)?
8
Let f(p) be the second derivative of -p**5/20 + p**4/4 + 2*p**3/3 - p. Suppose 30*m + 7 = 37*m. Suppose 4*h + m = 2*w + 5, 4*w = -5*h + 31. Determine f(w).
0
Let m(i) = -i**3 - 8*i**2 - 10*i - 8. Let r = -781 + 774. Determine m(r).
13
Let r be (-21)/(-28) - (-5)/4. Let x(o) = 6*o**2 + 5*o**r + 5*o - o**3 - 13*o**2 + 7 + 6*o**2. What is x(5)?
7
Let o(g) = -g + 9. Suppose 5*a = -3*q + 15, 2*a + 21 = 3*a - 3*q. Calculate o(a).
3
Let m(i) = i**2 + 14*i - 3. Let x be m(-14). Let w be 20/36*-3*x. Let q(v) = -v**2 + 4*v + 2. Calculate q(w).
-3
Suppose -5*o - 3 = -8*o - 2*c, -2*c = -6. Let g(t) = 2*t + 2. Determine g(o).
0
Let b(g) = 5*g**2 - 21*g - 8. Let s(d) = -d**2 + 4*d + 2. Let c(o) = 2*b(o) + 11*s(o). Determine c(2).
6
Let j(x) be the third derivative of -x**6/120 + 3*x**5/20 - x**4/6 - x**3/6 - 18*x**2 - x. Give j(9).
-37
Let v(n) be the first derivative of 7*n**2 - 12*n - 3. Let c(q) = -5*q + 4. Let y(g) = -11*c(g) - 4*v(g). Determine y(11).
-7
Suppose -28*c - 4 = -30*c. Let y(z) = 10*z - 2*z - 9*z - 2*z**2 + z**c + 3*z**3. What is y(2)?
18
Let d(f) = -2*f + 4. Let b be (-8)/(-52) - 252/(-52). Let q(a) = -a**3 + 6*a**2 - 3*a - 5. Let h be q(b). Suppose t + 30 = -h*t. What is d(t)?
14
Let w(s) be the first derivative of s**5/120 - s**4/8 + 2*s**3/3 + 5. Let o(k) be the third derivative of w(k). Determine o(6).
3
Let l(o) = -2 - 4*o + 9*o**2 - 7*o**2 - o**2 + 9*o. Suppose -3*a = 3 + 12. Determine l(a).
-2
Let k(f) = -f + 6. Suppose -5*d = c + 169, -3*d = -0*c + 5*c + 97. Let l = d - -40. What is k(l)?
0
Let h(r) = 11*r + 24. Let o(n) = -13*n - 26. Let s(u) = -6*h(u) - 5*o(u). Suppose -6*b = -2*b. Give s(b).
-14
Suppose 16*w - 17*w + 5*k = -3, 3*w + k = 9. Let t(q) = 7*q - 3. What is t(w)?
18
Let d(r) = -5*r + 5. Let q(g) = 2*g - 4. Let u(p) = d(p) + 2*q(p). Give u(-11).
8
Let z(d) = d**3 - 4*d**2 + 3*d. Let h = -136 + 139. Determine z(h).
0
Let a(d) be the third derivative of d**7/840 + d**6/120 - d**5/30 + d**4/8 + d**3/3 + 5*d**2. Let h(r) be the first derivative of a(r). What is h(-4)?
3
Let i = 56 + -54. Suppose 5 = 5*x - i*c, x + 2*c - 4*c = 1. Let q(s) = -12*s**2 + 1. What is q(x)?
-11
Let p(o) be the second derivative of 1/20*o**5 - o + 1/6*o**3 + 1/4*o**4 + 0 + 0*o**2. Suppose -a = d + 8, 4*d - d - 6*a - 21 = 0. What is p(d)?
-3
Let c(r) = r**3 - 13*r**2 + 12*r - 16. Suppose 27*p = 83*p - 672. Calculate c(p).
-16
Suppose -b = 13 - 2. Let l = 13 + b. Suppose l = -3*i - 1. Let j(a) = 7*a + 1. What is j(i)?
-6
Let q = 15 - 14. Suppose y = -j - 5 + q, 2*y - j + 14 = 0. Let k be ((-2)/3)/(y/18). Let b(l) = l**3 + 2*l - 1. What is b(k)?
11
Let a(o) = 5*o - 1. Let t(v) = v + 1. Let g(i) = i + i - 9 + i**2 + 5*i. Let m(c) = g(c) + t(c). Let r be m(-9). What is a(r)?
4
Let w(c) = -3*c + 37. Suppose 205*t = 222*t - 119. Calculate w(t).
16
Suppose 5*l = -5*a + 3 + 2, 0 = -4*a - 2*l + 8. Let y(n) = n**2 - 2*n + 2. What is y(a)?
5
Let b = 6 - 4. Let u(y) = -6 + 0*y + b*y - y. Suppose 4 = a + 2*p, -97 + 93 = -2*a - 2*p. Calculate u(a).
-6
Suppose -f = -2*l - 14, 2*l + 4 = l. Let d(i) = -3*i + 1 - 2*i - 6*i**3 + f*i. Suppose 0 = -10*j + 5*j - 5. Determine d(j).
6
Let f(s) = -s + 2. Suppose k = -3 + 1. Let j(b) = b**3 + 1. Let g(a) = -5*a**3 + a**2 - 2*a - 8. Let u(p) = -g(p) - 6*j(p). Let h be u(k). Calculate f(h).
0
Let v(j) = -j**3 + 4*j**2 - 4*j + 3. Suppose -4*o - 33 = -5*a - 83, -4*a = -8. Suppose -8*u + o = -3*u. Give v(u).
0
Let r(q) be the second derivative of q**4/12 - 2*q**2 - 2*q + 8. What is r(-4)?
12
Let j(z) be the second derivative of 1/6*z**3 + 22*z + 0 - 6*z**2. Give j(8).
-4
Let j(d) be the third derivative of -d**5/60 + d**4/12 + d**3/2 - 10*d**2. Let u be 1/2*2*0. Let m be j(u). Let b(l) = 2*l**2 - 2*l - 2. Give b(m).
10
Let h(s) = -3*s - 15. Let c(d) = -2. Let i(t) = -5*c(t) + h(t). Let j = 13 - 8. Give i(j).
-20
Suppose 7 = 2*n + 5*u - 21, u = -n + 8. Let k(f) = f + 297 + 297 - 894 + 300. Calculate k(n).
4
Let o(c) = -3*c**3 + 2*c**2 - 1. Let y be (-19)/7 - (12/21)/2. Let q(t) = t**3 + 2*t**2 + 8. Let z be q(y). Calculate o(z).
4
Let z = -254 - -247. Let c(n) be the first deri